{"id":155,"date":"2013-08-01T16:11:10","date_gmt":"2013-08-01T16:11:10","guid":{"rendered":"http:\/\/finkra.com\/lbi\/?page_id=155"},"modified":"2026-04-09T12:50:25","modified_gmt":"2026-04-09T16:50:25","slug":"personal","status":"publish","type":"page","link":"https:\/\/lbi.cl\/v\/lbi\/personal\/","title":{"rendered":"Equipo"},"content":{"rendered":"\n<h2 class=\"wp-block-heading\">Comit\u00e9 Ejecutivo<\/h2>\n\n\n\n<p>El Comit\u00e9 Ejecutivo de la Fundaci\u00f3n de Educaci\u00f3n Superior Chileno-Alemana se compone de nueve miembros delegados de los Colegios Alemanes en Chile:<\/p>\n\n\n\n<figure class=\"wp-block-table\"><table><tbody><tr><th>Funci\u00f3n<\/th><th>Nombre<\/th><\/tr><tr><td>Presidente<\/td><td>Javier Vernier Fierro<\/td><\/tr><tr><td>Secretario<\/td><td>Carlos Kulenkampff Gardeweg<\/td><\/tr><tr><td>Tesorero<\/td><td>Alexander von Frey Iost<\/td><\/tr><tr><td rowspan=\"6\">Directores<\/td><td>Rafael Antonio Contreras Modinger<\/td><\/tr><tr><td>Vivian Klocker Junge<\/td><\/tr><tr><td>Sebastian Roth Meier<\/td><\/tr><tr><td>Patricia von Freeden Stange<\/td><\/tr><tr><td>Betina Wolff G\u00f6pfert<\/td><\/tr><tr><td>Kurt Hellemann Gr\u00f6nke<\/td><\/tr><\/tbody><\/table><\/figure>\n\n\n\n<div class=\"gmail_default\">&nbsp;<\/div>\n\n\n\n<div class=\"gmail_default\">&nbsp;<\/div>\n\n\n\n<h2 class=\"wp-block-heading\">Direcci\u00f3n<\/h2>\n\n\n\n<h5 class=\"wp-block-heading\">La Direcci\u00f3n de la Fundaci\u00f3n est\u00e1 en manos de tres personas:<\/h5>\n\n\n\n<figure class=\"wp-block-table\"><table><tbody><tr><th>Funci\u00f3n<\/th><th>Nombre<\/th><th>Email<\/th><th>Tel\u00e9fono (+56-2)<\/th><\/tr><tr><td>Directora General<\/td><td>Claudia Moln\u00e1r<\/td><td><a href=\"mailto:directorgeneral@lbi.cl\">directorageneral@lbi.cl<\/a><\/td><td>2449 0815<\/td><\/tr><tr><td>Directora Acad\u00e9mica<\/td><td>Cecilia Soto<\/td><td><a href=\"mailto:dir.academica@lbi.cl\">dir.academica@lbi.cl<\/a><\/td><td>2449 0813<\/td><\/tr><tr><td>Directora de Administraci\u00f3n y Finanzas<\/td><td>Kerstin Huber<\/td><td><a href=\"mailto:administracion@lbi.cl\">administracion@lbi.cl<\/a><\/td><td>2449 0817<\/td><\/tr><\/tbody><\/table><\/figure>\n\n\n\n<h5 class=\"wp-block-heading\">&nbsp;<\/h5>\n\n\n\n<h2 class=\"wp-block-heading\">Administraci\u00f3n<\/h2>\n\n\n\n<p>El equipo administrativo de la Fundaci\u00f3n se compone de:<\/p>\n\n\n\n<figure class=\"wp-block-table\"><table><tbody><tr><th>Funci\u00f3n<\/th><th>Nombre<\/th><th>Email<\/th><th>&nbsp;<\/th><\/tr><tr><td>Encargada de Biblioteca<\/td><td>Karen Mu\u00f1oz<\/td><td><a href=\"mailto:biblioteca@lbi.cl\">biblioteca@lbi.cl&nbsp;<\/a><\/td><td>2449 0819<\/td><\/tr><tr><td>Asistente Direcci\u00f3n<\/td><td>Evelyn Sandoval<\/td><td><a href=\"mailto:asistente@lbi.cl\">asistente@lbi.cl<\/a><\/td><td>2449 0821<\/td><\/tr><tr><td>Asistente Administraci\u00f3n y Finanzas<\/td><td><\/td><td><a href=\"mailto:asistenteadmin@lbi.cl\">asistenteadmin@lbi.cl<\/a><\/td><td>2449 0807<\/td><\/tr><tr><td>Jefa Servicios Generales<\/td><td>Astrid Luna<\/td><td><a href=\"mailto:recepcion@lbi.cl\">recepcion@lbi.cl<\/a><\/td><td>2449 0820<\/td><\/tr><tr><td>Encargado de Admisi\u00f3n y Difusi\u00f3n<\/td><td>Joaqu\u00edn Aravena<\/td><td>\u00a0<a href=\"mailto:info@lbi.cl\">info@lbi.cl<\/a> <\/td><td>&nbsp;24490807<\/td><\/tr><tr><td>&nbsp;Auxiliar<\/td><td>Jenny Gonz\u00e1lez<\/td><td>&nbsp;<\/td><\/tr><\/tbody><\/table><\/figure>\n","protected":false},"excerpt":{"rendered":"<p>Comit\u00e9 Ejecutivo El Comit\u00e9 Ejecutivo de la Fundaci\u00f3n de Educaci\u00f3n Superior Chileno-Alemana se compone de nueve miembros delegados de los Colegios Alemanes en Chile: Funci\u00f3n Nombre Presidente Javier Vernier Fierro Secretario Carlos Kulenkampff Gardeweg Tesorero Alexander von Frey Iost Directores Rafael Antonio Contreras Modinger Vivian Klocker Junge Sebastian Roth Meier Patricia von Freeden Stange Betina &#8230; <a title=\"Equipo\" class=\"read-more\" href=\"https:\/\/lbi.cl\/v\/lbi\/personal\/\" aria-label=\"M\u00e1s en Equipo\">Leer m\u00e1s<\/a><\/p>\n","protected":false},"author":6,"featured_media":0,"parent":28,"menu_order":2,"comment_status":"closed","ping_status":"closed","template":"","meta":{"footnotes":""},"_links":{"self":[{"href":"https:\/\/lbi.cl\/v\/wp-json\/wp\/v2\/pages\/155"}],"collection":[{"href":"https:\/\/lbi.cl\/v\/wp-json\/wp\/v2\/pages"}],"about":[{"href":"https:\/\/lbi.cl\/v\/wp-json\/wp\/v2\/types\/page"}],"author":[{"embeddable":true,"href":"https:\/\/lbi.cl\/v\/wp-json\/wp\/v2\/users\/6"}],"replies":[{"embeddable":true,"href":"https:\/\/lbi.cl\/v\/wp-json\/wp\/v2\/comments?post=155"}],"version-history":[{"count":174,"href":"https:\/\/lbi.cl\/v\/wp-json\/wp\/v2\/pages\/155\/revisions"}],"predecessor-version":[{"id":4644,"href":"https:\/\/lbi.cl\/v\/wp-json\/wp\/v2\/pages\/155\/revisions\/4644"}],"up":[{"embeddable":true,"href":"https:\/\/lbi.cl\/v\/wp-json\/wp\/v2\/pages\/28"}],"wp:attachment":[{"href":"https:\/\/lbi.cl\/v\/wp-json\/wp\/v2\/media?parent=155"}],"curies":[{"name":"wp","href":"https:\/\/api.w.org\/{rel}","templated":true}]}}

<h2 class="wp-block-heading">Comité Ejecutivo</h2>



<p>El Comité Ejecutivo de la Fundación de Educación Superior Chileno-Alemana se compone de nueve miembros delegados de los Colegios Alemanes en Chile:</p>



<figure class="wp-block-table"><table><tbody><tr><th>Función</th><th>Nombre</th></tr><tr><td>Presidente</td><td>Javier Vernier Fierro</td></tr><tr><td>Secretario</td><td>Carlos Kulenkampff Gardeweg</td></tr><tr><td>Tesorero</td><td>Alexander von Frey Iost</td></tr><tr><td rowspan="6">Directores</td><td>Rafael Antonio Contreras Modinger</td></tr><tr><td>Vivian Klocker Junge</td></tr><tr><td>Sebastian Roth Meier</td></tr><tr><td>Patricia von Freeden Stange</td></tr><tr><td>Betina Wolff Göpfert</td></tr><tr><td>Kurt Hellemann Grönke</td></tr></tbody></table></figure>



<div class="gmail_default">&nbsp;</div>



<div class="gmail_default">&nbsp;</div>



<h2 class="wp-block-heading">Dirección</h2>



<h5 class="wp-block-heading">La Dirección de la Fundación está en manos de tres personas:</h5>



<figure class="wp-block-table"><table><tbody><tr><th>Función</th><th>Nombre</th><th>Email</th><th>Teléfono (+56-2)</th></tr><tr><td>Directora General</td><td>Claudia Molnár</td><td><a href="mailto:directorgeneral@lbi.cl">directorageneral@lbi.cl</a></td><td>2449 0815</td></tr><tr><td>Directora Académica</td><td>Cecilia Soto</td><td><a href="mailto:dir.academica@lbi.cl">dir.academica@lbi.cl</a></td><td>2449 0813</td></tr><tr><td>Directora de Administración y Finanzas</td><td>Kerstin Huber</td><td><a href="mailto:administracion@lbi.cl">administracion@lbi.cl</a></td><td>2449 0817</td></tr></tbody></table></figure>



<h5 class="wp-block-heading">&nbsp;</h5>



<h2 class="wp-block-heading">Administración</h2>



<p>El equipo administrativo de la Fundación se compone de:</p>



<figure class="wp-block-table"><table><tbody><tr><th>Función</th><th>Nombre</th><th>Email</th><th>&nbsp;</th></tr><tr><td>Encargada de Biblioteca</td><td>Karen Muñoz</td><td><a href="mailto:biblioteca@lbi.cl">biblioteca@lbi.cl&nbsp;</a></td><td>2449 0819</td></tr><tr><td>Asistente Dirección</td><td>Evelyn Sandoval</td><td><a href="mailto:asistente@lbi.cl">asistente@lbi.cl</a></td><td>2449 0821</td></tr><tr><td>Asistente Administración y Finanzas</td><td></td><td><a href="mailto:asistenteadmin@lbi.cl">asistenteadmin@lbi.cl</a></td><td>2449 0807</td></tr><tr><td>Jefa Servicios Generales</td><td>Astrid Luna</td><td><a href="mailto:recepcion@lbi.cl">recepcion@lbi.cl</a></td><td>2449 0820</td></tr><tr><td>Encargado de Admisión y Difusión</td><td>Joaquín Aravena</td><td> <a href="mailto:info@lbi.cl">info@lbi.cl</a> </td><td>&nbsp;24490807</td></tr><tr><td>&nbsp;Auxiliar</td><td>Jenny González</td><td>&nbsp;</td></tr></tbody></table></figure>

<p>Comité Ejecutivo El Comité Ejecutivo de la Fundación de Educación Superior Chileno-Alemana se compone de nueve miembros delegados de los Colegios Alemanes en Chile: Función Nombre Presidente Javier Vernier Fierro Secretario Carlos Kulenkampff Gardeweg Tesorero Alexander von Frey Iost Directores Rafael Antonio Contreras Modinger Vivian Klocker Junge Sebastian Roth Meier Patricia von Freeden Stange Betina &#8230; <a title="Equipo" class="read-more" href="https://lbi.cl/v/lbi/personal/" aria-label="Más en Equipo">Leer más</a></p>
