{"id":29,"date":"2013-07-31T21:33:08","date_gmt":"2013-07-31T21:33:08","guid":{"rendered":"http:\/\/finkra.com\/lbi\/?page_id=29"},"modified":"2024-09-09T14:50:05","modified_gmt":"2024-09-09T18:50:05","slug":"mision","status":"publish","type":"page","link":"https:\/\/lbi.cl\/v\/lbi\/mision\/","title":{"rendered":"Misi\u00f3n y visi\u00f3n"},"content":{"rendered":"\n<div class=\"wp-block-group\"><div class=\"wp-block-group__inner-container is-layout-flow wp-block-group-is-layout-flow\">\n<p><!--:--><!--:es--><\/p>\n<p><!--:--><\/p>\n<p class=\"p1\">La misi\u00f3n de la Fundaci\u00f3n de Educaci\u00f3n Superior Chileno-Alemana es el apoyo a la formaci\u00f3n de pedagogos y de personas relacionadas con el \u00e1mbito de la educaci\u00f3n, con \u00e9nfasis en la ense\u00f1anza en colegios alemanes en Chile.<\/p>\n<p class=\"p2\">Adem\u00e1s la Fundaci\u00f3n colabora en la capacitaci\u00f3n y el perfeccionamiento de profesores para la ense\u00f1anza en colegios alemanes en Chile y otros establecimientos educacionales e instituciones de educaci\u00f3n superior.<\/p>\n<p class=\"p2\">Asimismo fomenta el desarrollo de la educaci\u00f3n general, t\u00e9cnica, profesional y especial.<\/p>\n<h4>\u00a0<\/h4>\n<p><!--:--><\/p>\n<p><!--:--><!--:es--><\/p>\n<p><!--:--><\/p>\n<\/div><\/div>\n","protected":false},"excerpt":{"rendered":"<p>La misi\u00f3n de la Fundaci\u00f3n de Educaci\u00f3n Superior Chileno-Alemana es el apoyo a la formaci\u00f3n de pedagogos y de personas relacionadas con el \u00e1mbito de la educaci\u00f3n, con \u00e9nfasis en la ense\u00f1anza en colegios alemanes en Chile. Adem\u00e1s la Fundaci\u00f3n colabora en la capacitaci\u00f3n y el perfeccionamiento de profesores para la ense\u00f1anza en colegios alemanes &#8230; <a title=\"Misi\u00f3n y visi\u00f3n\" class=\"read-more\" href=\"https:\/\/lbi.cl\/v\/lbi\/mision\/\" aria-label=\"M\u00e1s en Misi\u00f3n y visi\u00f3n\">Leer m\u00e1s<\/a><\/p>\n","protected":false},"author":6,"featured_media":0,"parent":28,"menu_order":1,"comment_status":"closed","ping_status":"closed","template":"","meta":{"footnotes":""},"_links":{"self":[{"href":"https:\/\/lbi.cl\/v\/wp-json\/wp\/v2\/pages\/29"}],"collection":[{"href":"https:\/\/lbi.cl\/v\/wp-json\/wp\/v2\/pages"}],"about":[{"href":"https:\/\/lbi.cl\/v\/wp-json\/wp\/v2\/types\/page"}],"author":[{"embeddable":true,"href":"https:\/\/lbi.cl\/v\/wp-json\/wp\/v2\/users\/6"}],"replies":[{"embeddable":true,"href":"https:\/\/lbi.cl\/v\/wp-json\/wp\/v2\/comments?post=29"}],"version-history":[{"count":21,"href":"https:\/\/lbi.cl\/v\/wp-json\/wp\/v2\/pages\/29\/revisions"}],"predecessor-version":[{"id":4612,"href":"https:\/\/lbi.cl\/v\/wp-json\/wp\/v2\/pages\/29\/revisions\/4612"}],"up":[{"embeddable":true,"href":"https:\/\/lbi.cl\/v\/wp-json\/wp\/v2\/pages\/28"}],"wp:attachment":[{"href":"https:\/\/lbi.cl\/v\/wp-json\/wp\/v2\/media?parent=29"}],"curies":[{"name":"wp","href":"https:\/\/api.w.org\/{rel}","templated":true}]}}

Misión y visión

<div class="wp-block-group"><div class="wp-block-group__inner-container is-layout-flow wp-block-group-is-layout-flow">
<p><!--:--><!--:es--></p>
<p><!--:--></p>
<p class="p1">La misión de la Fundación de Educación Superior Chileno-Alemana es el apoyo a la formación de pedagogos y de personas relacionadas con el ámbito de la educación, con énfasis en la enseñanza en colegios alemanes en Chile.</p>
<p class="p2">Además la Fundación colabora en la capacitación y el perfeccionamiento de profesores para la enseñanza en colegios alemanes en Chile y otros establecimientos educacionales e instituciones de educación superior.</p>
<p class="p2">Asimismo fomenta el desarrollo de la educación general, técnica, profesional y especial.</p>
<h4> </h4>
<p><!--:--></p>
<p><!--:--><!--:es--></p>
<p><!--:--></p>
</div></div>

<p>La misión de la Fundación de Educación Superior Chileno-Alemana es el apoyo a la formación de pedagogos y de personas relacionadas con el ámbito de la educación, con énfasis en la enseñanza en colegios alemanes en Chile. Además la Fundación colabora en la capacitación y el perfeccionamiento de profesores para la enseñanza en colegios alemanes &#8230; <a title="Misión y visión" class="read-more" href="https://lbi.cl/v/lbi/mision/" aria-label="Más en Misión y visión">Leer más</a></p>
