{"id":34,"date":"2013-07-31T21:35:28","date_gmt":"2013-07-31T21:35:28","guid":{"rendered":"http:\/\/finkra.com\/lbi\/?page_id=34"},"modified":"2024-09-09T14:48:30","modified_gmt":"2024-09-09T18:48:30","slug":"historia","status":"publish","type":"page","link":"https:\/\/lbi.cl\/v\/lbi\/historia\/","title":{"rendered":"Cronolog\u00eda"},"content":{"rendered":"<p><!--:de--><\/p>\n<p><!--:--><!--:es--><\/p>\n<p><strong>Cronolog\u00eda de la Fundaci\u00f3n y formaci\u00f3n docente en Chile<\/strong><\/p>\n<p>La formaci\u00f3n docente implementada por alemanes tiene una larga historia en Chile:<\/p>\n<ul>\n<li>En 1889 el Instituto Pedag\u00f3gico de Santiago inici\u00f3 la formaci\u00f3n docente con seis docentes alemanes y un profesor chileno.<\/li>\n<li>1924 se fund\u00f3 el Colegio Alem\u00e1n Los Leones para formar profesores de habla alemana, siendo sucedido por la \u201cEscuela de Mujeres\u201d instituci\u00f3n fundada en 1933.<\/li>\n<li>De esta se form\u00f3 en el a\u00f1o 1940 el Seminario Wilhelm von Humboldt que pas\u00f3 a llamarse a partir del a\u00f1o 1960 Instituto Wilhelm von Humboldt y existi\u00f3 hasta el a\u00f1o 1975.<\/li>\n<li>Entre los a\u00f1os 1976 y 1984 la Universidad de Concepci\u00f3n form\u00f3 Educadoras de P\u00e1rvulos y Profesores de Educaci\u00f3n General B\u00e1sica biling\u00fces con menci\u00f3n en alem\u00e1n.<\/li>\n<li>En el a\u00f1o 1988 se fund\u00f3 el Instituto Profesional Alem\u00e1n Wilhelm von Humboldt con la autorizaci\u00f3n del Ministerio de Educaci\u00f3n. Hasta la fecha, el Instituto ha formado aproximadamente 250 Educadoras y Profesores de Ense\u00f1anza B\u00e1sica biling\u00fces que, desde la obtenci\u00f3n de su t\u00edtulo, trabajan en su mayor\u00eda en uno de los 23 Colegios Alemanes en Chile.<\/li>\n<li>El a\u00f1o 1995 con el objetivo de perfeccionar a profesores, profesoras y educadores de p\u00e1rvulos de los Colegios en Chile se crea el OTEC \u2013 Organismo t\u00e9cnico de Capacitaci\u00f3n de la Fundaci\u00f3n.<\/li>\n<li>El Instituto Profesional Alem\u00e1n Wilhelm von Humboldt celebr\u00f3 el 27 de septiembre de 2013 su 25\u00b0 aniversario.<\/li>\n<li>En una ceremonia celebrada el lunes 27 de junio 2015 en la Embajada de Alemania en Santiago, el Instituto Profesional Alem\u00e1n Wilhelm von Humboldt firm\u00f3 un convenio de cooperaci\u00f3n con la Universidad de Talca.<\/li>\n<li>Se fund\u00f3 entonces la Escuela de Pedagog\u00edas en Alem\u00e1n bajo el techo de la Facultad de Ciencias de la Educaci\u00f3n de la Universidad de Talca. La Escuela ofrece las tres carreras de Educaci\u00f3n Parvularia con Menci\u00f3n en Alem\u00e1n, Educaci\u00f3n B\u00e1sica con Menci\u00f3n en Alem\u00e1n y Educaci\u00f3n Media en Alem\u00e1n.<\/li>\n<li>A partir del a\u00f1o 2017 la Fundaci\u00f3n ingres\u00f3 al Registro ATE del MINEDUC para ofrecer Asesor\u00edas t\u00e9cnicas educativas a Instituciones de Educaci\u00f3n.<\/li>\n<\/ul>\n<p><!--:--><\/p>\n","protected":false},"excerpt":{"rendered":"<p>Cronolog\u00eda de la Fundaci\u00f3n y formaci\u00f3n docente en Chile La formaci\u00f3n docente implementada por alemanes tiene una larga historia en Chile: En 1889 el Instituto Pedag\u00f3gico de Santiago inici\u00f3 la formaci\u00f3n docente con seis docentes alemanes y un profesor chileno. 1924 se fund\u00f3 el Colegio Alem\u00e1n Los Leones para formar profesores de habla alemana, siendo &#8230; <a title=\"Cronolog\u00eda\" class=\"read-more\" href=\"https:\/\/lbi.cl\/v\/lbi\/historia\/\" aria-label=\"M\u00e1s en Cronolog\u00eda\">Leer m\u00e1s<\/a><\/p>\n","protected":false},"author":6,"featured_media":0,"parent":28,"menu_order":5,"comment_status":"closed","ping_status":"closed","template":"","meta":{"footnotes":""},"_links":{"self":[{"href":"https:\/\/lbi.cl\/v\/wp-json\/wp\/v2\/pages\/34"}],"collection":[{"href":"https:\/\/lbi.cl\/v\/wp-json\/wp\/v2\/pages"}],"about":[{"href":"https:\/\/lbi.cl\/v\/wp-json\/wp\/v2\/types\/page"}],"author":[{"embeddable":true,"href":"https:\/\/lbi.cl\/v\/wp-json\/wp\/v2\/users\/6"}],"replies":[{"embeddable":true,"href":"https:\/\/lbi.cl\/v\/wp-json\/wp\/v2\/comments?post=34"}],"version-history":[{"count":20,"href":"https:\/\/lbi.cl\/v\/wp-json\/wp\/v2\/pages\/34\/revisions"}],"predecessor-version":[{"id":4609,"href":"https:\/\/lbi.cl\/v\/wp-json\/wp\/v2\/pages\/34\/revisions\/4609"}],"up":[{"embeddable":true,"href":"https:\/\/lbi.cl\/v\/wp-json\/wp\/v2\/pages\/28"}],"wp:attachment":[{"href":"https:\/\/lbi.cl\/v\/wp-json\/wp\/v2\/media?parent=34"}],"curies":[{"name":"wp","href":"https:\/\/api.w.org\/{rel}","templated":true}]}}